mon divisor of 384 and 3984?
48
Calculate the highest common divisor of 40 and 5.
5
What is the greatest common factor of 14 and 224?
14
What is the greatest common factor of 63 and 1113?
21
Calculate the highest common factor of 989 and 115.
23
Calculate the highest common factor of 13800 and 100.
100
Calculate the highest common divisor of 243 and 414.
9
Calculate the highest common factor of 7 and 46606.
7
What is the greatest common factor of 100 and 850?
50
Calculate the highest common factor of 162 and 297.
27
Calculate the highest common factor of 1270 and 10.
10
Calculate the greatest common factor of 66 and 252.
6
Calculate the highest common divisor of 10423 and 7.
7
What is the highest common divisor of 67 and 1675?
67
Calculate the highest common divisor of 339 and 63393.
339
Calculate the greatest common factor of 24 and 584.
8
What is the greatest common factor of 488 and 10?
2
What is the greatest common divisor of 1442 and 112?
14
What is the highest common divisor of 142 and 355?
71
Calculate the highest common factor of 51 and 578.
17
What is the greatest common divisor of 55964 and 136?
68
What is the highest common factor of 174 and 4263?
87
Calculate the highest common divisor of 9933 and 42.
21
Calculate the highest common divisor of 280 and 120.
40
What is the highest common divisor of 4 and 102?
2
What is the greatest common factor of 208 and 16?
16
What is the highest common divisor of 33 and 3?
3
Calculate the greatest common divisor of 272 and 48.
16
Calculate the highest common divisor of 2135 and 1708.
427
What is the greatest common factor of 14 and 4151?
7
What is the greatest common factor of 36 and 468?
36
Calculate the greatest common factor of 657 and 13359.
219
Calculate the greatest common divisor of 1022 and 336.
14
Calculate the highest common divisor of 336 and 912.
48
Calculate the highest common factor of 9775 and 51.
17
What is the highest common divisor of 1300 and 30?
10
What is the highest common factor of 82 and 3649?
41
Calculate the greatest common factor of 404 and 505.
101
What is the highest common factor of 94070 and 409?
409
What is the greatest common factor of 48 and 5344?
16
What is the greatest common divisor of 3325 and 50?
25
Calculate the greatest common divisor of 1469 and 39.
13
What is the highest common divisor of 267 and 1246?
89
Calculate the greatest common factor of 20 and 32.
4
Calculate the highest common factor of 583 and 209.
11
What is the highest common factor of 208 and 272?
16
What is the greatest common factor of 160 and 100?
20
What is the greatest common factor of 7028 and 84?
28
Calculate the greatest common factor of 2569 and 21.
7
Calculate the greatest common factor of 490 and 1078.
98
What is the highest common divisor of 96 and 160?
32
What is the greatest common factor of 445 and 115?
5
What is the greatest common divisor of 923 and 91?
13
Calculate the greatest common divisor of 33 and 209.
11
What is the greatest common divisor of 104 and 296?
8
What is the greatest common divisor of 6356 and 28?
28
What is the greatest common factor of 243 and 5913?
81
What is the greatest common factor of 22 and 6193?
11
What is the greatest common factor of 50 and 13900?
50
What is the greatest common divisor of 322 and 196?
14
Calculate the greatest common factor of 99858 and 22.
22
What is the greatest common factor of 15 and 5?
5
Calculate the highest common divisor of 104 and 728.
104
What is the highest common factor of 30 and 1392?
6
Calculate the greatest common factor of 75 and 240.
15
What is the greatest common divisor of 27 and 135?
27
Calculate the greatest common divisor of 6 and 27.
3
Calculate the greatest common factor of 34 and 1343.
17
Calculate the highest common factor of 476 and 408.
68
What is the greatest common divisor of 286 and 1100?
22
Calculate the highest common factor of 21 and 35.
7
What is the greatest common divisor of 170 and 578?
34
What is the highest common divisor of 80 and 7400?
40
What is the highest common factor of 3 and 13173?
3
What is the highest common divisor of 137 and 36853?
137
What is the greatest common factor of 172 and 20?
4
What is the greatest common divisor of 5526 and 45?
9
Calculate the highest common factor of 1300 and 4.
4
What is the highest common factor of 3 and 15?
3
What is the highest common divisor of 438 and 6?
6
What is the greatest common factor of 12 and 381?
3
What is the highest common factor of 135 and 10?
5
Calculate the greatest common factor of 106 and 2.
2
Calculate the highest common factor of 60 and 1.
1
What is the greatest common divisor of 93 and 527?
31
Calculate the greatest common divisor of 156 and 8664.
12
What is the greatest common factor of 415 and 581?
83
Calculate the highest common factor of 45 and 265.
5
What is the highest common divisor of 117 and 36?
9
Calculate the greatest common divisor of 5423 and 187.
187
Calculate the highest common divisor of 4077 and 2416.
151
Calculate the highest common factor of 160 and 36640.
160
What is the highest common factor of 1634 and 190?
38
What is the greatest common divisor of 270 and 210?
30
Calculate the highest common divisor of 68 and 36.
4
Calculate the greatest common divisor of 35 and 7.
7
What is the highest common factor of 9 and 27?
9
What is the highest common factor of 52 and 5356?
52
Calculate the greatest common divisor of 45 and 288.
9
What is the greatest common factor of 62 and 21266?
62
Calculate the highest common divisor of 1833 and 156.
39
What is the highest common factor of 266 and 342?
38
Calculate the greatest common divisor of 664 and 16.
8
Calculate the highest common factor of 8668 and 308.
44
Calculate the highest common factor of 7936 and 62.
62
Calculate the highest common factor of 3 and 51.
3
Calculate the highest common factor of 1479 and 408.
51
What is the greatest common factor of 162 and 1728?
54
Calculate the highest common divisor of 76 and 3116.
76
What is the greatest common divisor of 3598 and 14?
14
What is the highest common factor of 65 and 39?
13
Calculate the greatest common factor of 150 and 510.
30
Calculate the greatest common divisor of 21900 and 24.
12
What is the greatest common divisor of 2 and 922?
2
What is the highest common factor of 356 and 445?
89
What is the highest common divisor of 1040 and 400?
80
What is the greatest common divisor of 60 and 192?
12
What is the greatest common factor of 3552 and 1248?
96
What is the greatest common divisor of 2 and 640?
2
Calculate the highest common factor of 13 and 1469.
13
Calculate the highest common divisor of 32 and 110.
2
What is the greatest common factor of 15 and 3645?
15
Calculate the greatest common factor of 588 and 49.
49
Calculate the highest common divisor of 93 and 1581.
93
What is the highest common factor of 127 and 2032?
127
What is the highest common divisor of 128 and 3424?
32
Calculate the highest common factor of 44 and 286.
22
What is the greatest common divisor of 27144 and 96?
24
What is the greatest common factor of 48 and 261?
3
Calculate the greatest common divisor of 6 and 12.
6
What is the greatest common divisor of 860 and 20?
20
What is the highest common factor of 1120 and 35?
35
Calculate the highest common factor of 576 and 612.
36
Calculate the greatest common divisor of 26590 and 10.
10
Calculate the greatest common divisor of 18 and 5841.
9
What is the greatest common divisor of 306 and 816?
102
What is the greatest common divisor of 28272 and 12?
12
Calculate the highest common factor of 1891 and 31.
31
Calculate the highest common divisor of 2388 and 120.
12
Calculate the highest common factor of 15 and 285.
15
Calculate the highest common factor of 42 and 1239.
21
Calculate the greatest common factor of 134 and 3618.
134
What is the highest common factor of 7236 and 54?
54
Calculate the greatest common factor of 9 and 25.
1
Calculate the highest common divisor of 530 and 10.
10
Calculate the highest common divisor of 108 and 432.
108
Calculate the highest common factor of 1 and 431.
1
What is the greatest common factor of 22 and 198?
22
Calculate the greatest common divisor of 711 and 18.
9
What is the highest common divisor of 2600 and 25?
25
What is the greatest common factor of 416 and